267 = 2*i. What are the prime factors of i?
2, 3, 7, 73
Suppose -3*x + 47105 = 2*m - 6*x, -9*m + 211941 = -3*x. What are the prime factors of m?
2, 7, 29
Let f(p) = -4*p + 20. Let y be f(4). Let v(k) = k - 5. Let l be v(5). Suppose -2*i + y*h + 192 = l, 4*h - 139 + 643 = 5*i. List the prime factors of i.
2, 13
Let a be (72/28)/(1/(-7)). Let b = -137 + 70. Let k = a - b. List the prime factors of k.
7
Let w(m) = -m**3 - 14*m**2 + 20. Let v be w(-14). What are the prime factors of (-30)/(-12)*2208/v?
2, 3, 23
Let s = 163 - 35. Suppose 5*c - 167 = s. What are the prime factors of c?
59
What are the prime factors of ((-123948)/(-20))/(348/1160)?
2, 3, 11, 313
Let j = -20723 - -44504. What are the prime factors of j?
3, 7927
Let k(h) = 28*h**3 - 5*h**2 + 6*h + 1. Let q = 410 - 407. What are the prime factors of k(q)?
2, 5, 73
Let r(m) = -15*m**3 + 23*m**2 - 24*m. Let j(p) = 7*p**3 - 11*p**2 + 11*p. Let g(x) = -13*j(x) - 6*r(x). What are the prime factors of g(-4)?
2, 5, 7
Let k be -14*(-8)/(-5 - -6). Suppose 0 = -6*b + 110 + k. List the prime factors of b.
37
Let v(p) = p**3 + 3*p**2 - 4*p + 3. Let a be v(-4). Suppose 2*y - y + 687 = -2*z, -a*y = -3*z - 1035. Let l = -240 - z. List the prime factors of l.
2, 13
Suppose -359*t + 353*t = -720. Suppose t*z + 830 = 125*z. List the prime factors of z.
2, 83
Let g = 70164 + -37131. What are the prime factors of g?
3, 7, 11, 13
Let f(r) be the third derivative of -7/6*r**3 + 0 + 0*r - 11/24*r**4 - 1/60*r**5 + 22*r**2. What are the prime factors of f(-8)?
17
Let g be (-2091)/(-17)*2/6. Let i be (4 + -8 - -5)*g. Suppose 24 = f - 5*j, 2*f + 4*j - 49 = i. What are the prime factors of f?
3, 13
Let u = -36104 - -66728. List the prime factors of u.
2, 3, 11, 29
Suppose -8156 = -3*a + 2*f - f, -4*a + 3*f + 10873 = 0. List the prime factors of a.
2719
Suppose 6*a - 29 = 43. Let l(y) = 4*y**2 - 15*y + 7. What are the prime factors of l(a)?
13, 31
Let q be (-4 - 30)*(-7 - (-318)/(-4)). Suppose 0 = 5*d - 3169 - q. List the prime factors of d.
2, 13, 47
Let u(w) = 228*w**3 - 225*w**3 + 6 - 6*w**2 + 4*w**2 - w**2. Suppose 16 = 6*r - 2*r. List the prime factors of u(r).
2, 3, 5
Let c = 26400 + -16082. List the prime factors of c.
2, 7, 11, 67
Let h = -764 - -799. Let m(k) = 40*k + 87. What are the prime factors of m(h)?
1487
Let y = -138 + 141. Suppose -x + 706 = y*k, 4*x + 318 = k + 61. List the prime factors of k.
3, 79
Let a(k) = k**2 + 6*k + 7. Let t be a(-5). Let z = 3 + t. Suppose -u = z*d - 251, -4*d = -5*d + 2*u + 48. List the prime factors of d.
2, 5
Suppose 29*n + 61*n = 32*n + 678774. What are the prime factors of n?
3, 47, 83
Suppose 4*d + 6444 = 2*g, 9663 = 183*g - 180*g - 5*d. List the prime factors of g.
2, 3, 67
Let f be (-52)/(-130) - 4/10. Suppose f = 4*r - 36*r + 23648. List the prime factors of r.
739
Suppose 64 = -0*k - 8*k. Let u be ((1 - 0) + k)*(0 - 1). Suppose 0 = -t + u + 22. What are the prime factors of t?
29
Let s(r) = 4*r + 16. Let y be s(-4). Suppose y = -24*v + 30*v - 1326. Suppose 3*n + v + 64 = 3*x, -n = -2*x + 185. List the prime factors of x.
2, 3, 5
Let j = -202 + 129. Let r = j + 493. What are the prime factors of r?
2, 3, 5, 7
List the prime factors of 4 + 108/(-42)*-8447 + 36/(-42).
2, 5431
Suppose 39*r - 35*r - 195032 = 0. List the prime factors of r.
2, 24379
Let b(s) = 1408*s**3 + 22*s - 41. List the prime factors of b(2).
19, 593
Let v = 600 - -2800. What are the prime factors of v?
2, 5, 17
Suppose -f + s + 132 = -5*f, -4*f - 132 = 3*s. Let d = -23 - f. Let p = 32 - d. List the prime factors of p.
2, 11
What are the prime factors of (-17468 + -9)*(-16)/16?
17477
Let x be 9/3 + (-3 - -5). Suppose 0 = x*s - 1580 - 180. What are the prime factors of s?
2, 11
Suppose 3*l - 7*d + 8*d = 12, -5*l + 20 = 2*d. Suppose -5*r - 3*g + 135 = 0, l*g = r + 2*g - 27. List the prime factors of r.
3
Let g(v) = 131*v + 3621. What are the prime factors of g(-13)?
2, 7, 137
Let h be 1 + (6 - 3) + -2 + -2. Let u be -87 - (h - ((-12)/(-3) - 1)). What are the prime factors of u*(4/(-22) + (-87)/66)?
2, 3, 7
Let h(q) be the first derivative of -q - 3 + 3/2*q**2 + 20*q**3. What are the prime factors of h(1)?
2, 31
Let x = 7 + 19. Let g = x + -21. What are the prime factors of g/(60/(-69))*3*-4?
3, 23
Let u = -2837 - -4462. List the prime factors of u.
5, 13
Suppose -43*c - 27620 = -5*w - 38*c, c = 4*w - 22087. List the prime factors of w.
5521
Suppose -18*r + 106361 = 2*r - 76399. What are the prime factors of r?
2, 3, 1523
Suppose -5 = 5*d - 5*g, -3*g = -0*d - 2*d - 7. Suppose -d*h + 1394 = -102. List the prime factors of h.
2, 11, 17
Let o be (-18)/((-8)/(-6)*6/(-192)). Suppose 2*n = 2*j + o, 0*n - 3*n + 649 = -2*j. Let y = n - 125. List the prime factors of y.
2, 23
Let t(g) = g**3 + g**2 + 2*g. Let d(x) = -3*x**3 + 7*x**2 - 4*x + 1. Let u(z) = -d(z) + 3*t(z). List the prime factors of u(4).
359
Suppose 5*a - 77432 = -21*a + 172558. List the prime factors of a.
3, 5, 641
List the prime factors of (-32107)/(-4) - 38/(-152).
23, 349
Let q = 328 - 260. List the prime factors of q/(7/(392/4)).
2, 7, 17
Let z be (-3*4/(-12))/(4/(-4)). Let x be -63*z/(-2 - -3). Suppose 13*j = 16*j - x. List the prime factors of j.
3, 7
Let g = 1068 - 417. Suppose -4*d + g = -849. What are the prime factors of d?
3, 5
List the prime factors of (280/(-84))/(15/(-417276)).
2, 67, 173
Suppose -8*m - 2*i - 24000 = -9*m, 0 = 4*m - 2*i - 96036. What are the prime factors of m?
2, 3, 23, 29
Let b(g) = -27*g**3 - 2. Let o be -4 - (-9)/(36/8). Let n be b(o). Let p = n + -137. List the prime factors of p.
7, 11
Suppose 7*v = 2 + 47. Suppose -19 = -v*x + 44. List the prime factors of (-1140)/(-16) - x/(-12).
2, 3
Suppose -2*z - 16541 = -3*b, b + 3*z - 1397 - 4124 = 0. What are the prime factors of b?
5, 1103
Let c(j) = -14*j + 20*j - 33*j + 49. What are the prime factors of c(-4)?
157
Let p(u) = -u**3 + 17*u**2 + u - 1. Suppose 2 = -q + 19. Let o be p(q). What are the prime factors of (o/6)/(-1 - (-114)/108)?
2, 3
Let n(r) = 8207*r**2 + 52*r - 1. List the prime factors of n(2).
3, 3659
Let z = 3957 - 3564. List the prime factors of z.
3, 131
Suppose 15*z - 46758 = 17232. List the prime factors of (2/6)/(0 + 3/z).
2, 3, 79
Let l = -46 - -46. Let t be (6/(-8))/((-4)/(16 - l)). Let q(j) = 4*j**3 - 4*j**2 + 2*j - 7. List the prime factors of q(t).
71
Suppose -240 = 4*a - 4. Let j = a + 342. What are the prime factors of j?
283
Suppose -7*i - 26 + 152 = 0. What are the prime factors of (-4)/i + (-9956)/(-9)?
2, 7, 79
What are the prime factors of ((-9592)/24)/((-1143)/378 - (-5 - -2))?
2, 7, 11, 109
Let y(r) = -r**3 - 15*r**2 - 19*r + 4. Let j be y(-14). Let v be (-2)/(j/(-420) + 11/55). Let g = v - -188. What are the prime factors of g?
2, 13
Suppose 0 = 13*b + b - 11858. Let k = 1197 - b. What are the prime factors of k?
2, 5, 7
Suppose -2*k + 3*k + 3*g - 18 = 0, 13 = -4*k + 5*g. Suppose -10 = -2*m, i - 2*i + 4*m - 18 = 0. What are the prime factors of ((-52)/i)/(k - (4 - 0))?
2, 13
Suppose 17*q - 22*q - r = -165042, 0 = -2*r - 16. What are the prime factors of q?
2, 5, 3301
Let x(q) = -24*q**2 + 6*q - 100. Let i(c) = 5*c**2 - c + 20. Let p(m) = -14*i(m) - 3*x(m). What are the prime factors of p(10)?
2, 3, 5
Suppose 4*j = p + 7, -8 = -3*j + 4*p + 7. Suppose -s = -49 + j. Let z = s - 4. List the prime factors of z.
2, 11
Let c = 1964 + -1861. List the prime factors of c.
103
Suppose 3*l - 2 = -d + 2, -3*l + 8 = 2*d. Suppose -746 = -3*x - 4*j, 2*j = d*x + 216 - 1196. What are the prime factors of x?
2, 3, 41
Let p be -1*10/((-30)/9). Suppose -5*x = s - 123 - 25, -p*x - 516 = -3*s. List the prime factors of s.
2, 3, 7
Let f(s) = -4658*s**3 - s**2 - 33*s - 64. What are the prime factors of f(-2)?
2, 31, 601
Suppose -5*h + 8*h = -2*g + 2794, -4*h - 7008 = -5*g. Let o = g + -777. List the prime factors of o.
7, 89
Suppose -3*m + 6378 = 3*t - 6414, 8513 = 2*m - t. List the prime factors of m.
4259
Let r(n) = n**2 - 8*n + 12. Let u be r(8). Suppose 13*w + 3*c = u*w + 309, 0 = -2*w + 3*c + 654. What are the prime factors of w?
3, 107
What are the prime factors of (-242109)/1708*(-1)/(3/232)?
2, 3, 7, 29
Let u(z) = -1198*z - 642. List the prime factors of u(-5).
2, 7, 191
Suppose -13*s - 124402 = -33*s + 414718. List the prime factors of s.